 digit of 1931?
1
What is the thousands digit of 3319?
3
What is the units digit of 1580?
0
What is the hundreds digit of 46680?
6
What is the ten thousands digit of 33558?
3
What is the units digit of 3004?
4
What is the tens digit of 12298?
9
What is the units digit of 6664?
4
What is the thousands digit of 44215?
4
What is the thousands digit of 5511?
5
What is the tens digit of 35386?
8
What is the hundreds digit of 3105?
1
What is the ten thousands digit of 23590?
2
What is the ten thousands digit of 15204?
1
What is the hundreds digit of 5516?
5
What is the tens digit of 952?
5
What is the tens digit of 74840?
4
What is the thousands digit of 54552?
4
What is the units digit of 635?
5
What is the units digit of 6797?
7
What is the tens digit of 6711?
1
What is the hundreds digit of 19455?
4
What is the hundreds digit of 40170?
1
What is the thousands digit of 3718?
3
What is the thousands digit of 4833?
4
What is the hundreds digit of 6167?
1
What is the units digit of 1978?
8
What is the units digit of 45479?
9
What is the thousands digit of 58935?
8
What is the tens digit of 678?
7
What is the units digit of 2238?
8
What is the units digit of 22520?
0
What is the units digit of 700?
0
What is the thousands digit of 136445?
6
What is the tens digit of 45296?
9
What is the hundreds digit of 3578?
5
What is the hundreds digit of 3362?
3
What is the hundreds digit of 9270?
2
What is the hundreds digit of 113522?
5
What is the tens digit of 435?
3
What is the units digit of 5880?
0
What is the units digit of 1033?
3
What is the hundreds digit of 45961?
9
What is the ten thousands digit of 16372?
1
What is the tens digit of 39893?
9
What is the tens digit of 18124?
2
What is the units digit of 11826?
6
What is the hundreds digit of 28005?
0
What is the tens digit of 87271?
7
What is the thousands digit of 14908?
4
What is the tens digit of 489?
8
What is the units digit of 962?
2
What is the tens digit of 186?
8
What is the ten thousands digit of 53336?
5
What is the hundreds digit of 36915?
9
What is the hundreds digit of 52494?
4
What is the ten thousands digit of 58501?
5
What is the units digit of 18742?
2
What is the tens digit of 636?
3
What is the tens digit of 2477?
7
What is the thousands digit of 12590?
2
What is the thousands digit of 9258?
9
What is the tens digit of 45371?
7
What is the ten thousands digit of 60439?
6
What is the tens digit of 85411?
1
What is the hundreds digit of 5902?
9
What is the hundreds digit of 1796?
7
What is the thousands digit of 50784?
0
What is the tens digit of 272?
7
What is the hundreds digit of 116?
1
What is the thousands digit of 2749?
2
What is the units digit of 398?
8
What is the thousands digit of 2222?
2
What is the thousands digit of 2057?
2
What is the tens digit of 21615?
1
What is the hundreds digit of 12256?
2
What is the tens digit of 827?
2
What is the thousands digit of 2706?
2
What is the thousands digit of 121563?
1
What is the ten thousands digit of 166812?
6
What is the hundreds digit of 2401?
4
What is the tens digit of 20027?
2
What is the units digit of 303?
3
What is the units digit of 13665?
5
What is the thousands digit of 9504?
9
What is the thousands digit of 2099?
2
What is the hundreds digit of 17648?
6
What is the hundreds digit of 796?
7
What is the units digit of 1224?
4
What is the units digit of 22679?
9
What is the units digit of 13032?
2
What is the tens digit of 608?
0
What is the tens digit of 9116?
1
What is the units digit of 8990?
0
What is the ten thousands digit of 17473?
1
What is the hundreds digit of 18579?
5
What is the units digit of 28665?
5
What is the tens digit of 294?
9
What is the hundreds digit of 28274?
2
What is the hundreds digit of 25994?
9
What is the tens digit of 8192?
9
What is the units digit of 1837?
7
What is the ten thousands digit of 23578?
2
What is the tens digit of 162?
6
What is the hundreds digit of 286?
2
What is the units digit of 5765?
5
What is the tens digit of 6504?
0
What is the tens digit of 990?
9
What is the tens digit of 2455?
5
What is the units digit of 26121?
1
What is the thousands digit of 36005?
6
What is the tens digit of 668?
6
What is the units digit of 181?
1
What is the hundreds digit of 169?
1
What is the ten thousands digit of 164536?
6
What is the tens digit of 781?
8
What is the tens digit of 65189?
8
What is the units digit of 1492?
2
What is the tens digit of 36?
3
What is the hundreds digit of 1996?
9
What is the thousands digit of 6747?
6
What is the tens digit of 57281?
8
What is the tens digit of 36525?
2
What is the thousands digit of 86812?
6
What is the ten thousands digit of 16046?
1
What is the thousands digit of 3605?
3
What is the tens digit of 19101?
0
What is the thousands digit of 1734?
1
What is the tens digit of 3710?
1
What is the units digit of 10311?
1
What is the tens digit of 2474?
7
What is the tens digit of 2490?
9
What is the tens digit of 103031?
3
What is the thousands digit of 1707?
1
What is the units digit of 271?
1
What is the units digit of 89675?
5
What is the units digit of 22412?
2
What is the hundreds digit of 778?
7
What is the units digit of 2926?
6
What is the thousands digit of 2199?
2
What is the hundreds digit of 36013?
0
What is the units digit of 261?
1
What is the units digit of 2291?
1
What is the hundreds digit of 1688?
6
What is the thousands digit of 1590?
1
What is the hundreds digit of 864?
8
What is the units digit of 118108?
8
What is the thousands digit of 18671?
8
What is the thousands digit of 4177?
4
What is the hundreds digit of 3452?
4
What is the thousands digit of 1072?
1
What is the units digit of 731?
1
What is the thousands digit of 3106?
3
What is the thousands digit of 2798?
2
What is the units digit of 781?
1
What is the hundreds digit of 459?
4
What is the tens digit of 255?
5
What is the hundreds digit of 7938?
9
What is the hundreds digit of 1344?
3
What is the ten thousands digit of 107965?
0
What is the hundreds digit of 904?
9
What is the units digit of 58364?
4
What is the hundreds digit of 3576?
5
What is the ten thousands digit of 28490?
2
What is the hundreds digit of 3459?
4
What is the tens digit of 85048?
4
What is the hundreds digit of 53809?
8
What is the units digit of 5587?
7
What is the tens digit of 180608?
0
What is the thousands digit of 2460?
2
What is the units digit of 1207?
7
What is the tens digit of 66939?
3
What is the tens digit of 42775?
7
What is the tens digit of 479?
7
What is the units digit of 940?
0
What is the thousands digit of 2343?
2
What is the hundreds digit of 2029?
0
What is the ten thousands digit of 26520?
2
What is the thousands digit of 16037?
6
What is the ten thousands digit of 10405?
1
What is the tens digit of 4417?
1
What is the units digit of 797?
7
What is the units digit of 142166?
6
What is the hundred thousands digit of 103642?
1
What is the hundreds digit of 8988?
9
What is the thousands digit of 13262?
3
What is the thousands digit of 9718?
9
What is the hundreds digit of 187?
1
What is the hundreds digit of 26960?
9
What is the thousands digit of 1096?
1
What is the thousands digit of 3788?
3
What is the hundreds digit of 12561?
5
What is the thousands digit of 48005?
8
What is the hundreds digit of 1847?
8
What is the units digit of 136084?
4
What is the tens digit of 29070?
7
What is the tens digit of 29457?
5
What is the tens digit of 1413?
1
What is the units digit of 4662?
2
What is the tens digit of 2835?
3
What is the thousands digit of 9761?
9
What is the thousands digit of 4837?
4
What is the tens digit of 3471?
7
What is the tens digit of 2345?
4
What is the tens digit of 9270?
7
What is the hundreds digit of 1198?
1
What is the units digit of 1855?
5
What is the hundreds digit of 1999?
9
What is the thousands digit of 2931?
2
What is the tens digit of 1493?
9
What is the units digit of 44?
4
What is the units digit of 965?
5
What is the tens digit of 1757?
5
What is the hundreds digit of 18811?
8
What is the thousands digit of 2936?
2
What is the tens digit of 6630?
3
What is the units digit of 2277?
7
What is the hundreds digit of 3861?
8
What is the hundreds digit of 1603?
6
What is the hundreds digit of 1413?
4
What is the units digit of 691?
1
What is 